 15 divide 89625?
True
Does 9 divide 129339?
True
Does 441 divide 5604402?
False
Is 74560 a multiple of 33?
False
Does 473 divide 79849?
False
Is 728728 a multiple of 616?
True
Is 66 a factor of 444180?
True
Does 37 divide 100592?
False
Does 4 divide 1873721?
False
Is 206910 a multiple of 330?
True
Is 27664 a multiple of 38?
True
Is 103 a factor of 176456?
False
Is 5 a factor of 255334?
False
Does 215 divide 270255?
True
Is 363952 a multiple of 184?
True
Does 4 divide 1266388?
True
Is 56 a factor of 6681353?
False
Is 930069 a multiple of 111?
True
Is 18 a factor of 454799?
False
Does 12 divide 136644?
True
Is 77 a factor of 751058?
True
Does 421 divide 7864222?
False
Does 1572 divide 17653272?
False
Is 13 a factor of 608621?
True
Is 74 a factor of 2474856?
True
Does 12 divide 956016?
True
Is 42 a factor of 1249634?
False
Is 62034 a multiple of 3?
True
Is 66480 a multiple of 24?
True
Does 30 divide 1514850?
True
Is 23328 a multiple of 324?
True
Does 125 divide 66930?
False
Is 27 a factor of 12844617?
False
Is 554534 a multiple of 112?
False
Is 1326617 a multiple of 131?
False
Is 23 a factor of 41906?
True
Is 657410 a multiple of 778?
True
Is 71 a factor of 842557?
True
Is 80 a factor of 172080?
True
Does 19 divide 9697687?
False
Is 6 a factor of 381144?
True
Is 2051428 a multiple of 635?
False
Is 797950 a multiple of 10?
True
Is 22 a factor of 72406?
False
Is 5 a factor of 311220?
True
Is 916617 a multiple of 17?
False
Does 9 divide 1055700?
True
Is 76 a factor of 3924032?
True
Does 100 divide 307200?
True
Is 339 a factor of 275946?
True
Is 4 a factor of 26392?
True
Does 40 divide 740774?
False
Is 13901 a multiple of 41?
False
Is 281794 a multiple of 194?
False
Is 2206094 a multiple of 673?
True
Is 681825 a multiple of 109?
False
Is 63 a factor of 11892447?
True
Is 36 a factor of 1260504?
True
Is 397040 a multiple of 28?
True
Is 115677 a multiple of 275?
False
Is 2240511 a multiple of 273?
True
Does 9 divide 4714623?
True
Is 2 a factor of 7600?
True
Is 9 a factor of 1055574?
True
Does 939 divide 12551613?
True
Does 22 divide 490930?
True
Is 361823 a multiple of 2?
False
Does 705 divide 342304?
False
Is 748308 a multiple of 6?
True
Does 437 divide 2466865?
True
Does 402 divide 126873?
False
Is 485886 a multiple of 6?
True
Does 12 divide 3191328?
True
Is 3 a factor of 16671?
True
Is 5 a factor of 3622368?
False
Is 4667215 a multiple of 6?
False
Does 863 divide 680720?
False
Does 929 divide 2542332?
False
Does 370 divide 371110?
True
Is 15 a factor of 28005?
True
Does 46 divide 237613?
False
Is 4103946 a multiple of 63?
True
Is 11 a factor of 912727?
False
Is 95 a factor of 1690382?
False
Is 47 a factor of 1093713?
False
Is 757644 a multiple of 17?
False
Does 321 divide 123582?
False
Is 2393620 a multiple of 19?
True
Is 543 a factor of 407793?
True
Is 12 a factor of 18977424?
True
Is 3798224 even?
True
Does 73 divide 1627681?
True
Does 10 divide 1436166?
False
Does 68 divide 27933707?
False
Does 9 divide 540297?
True
Does 9 divide 148122?
True
Does 44 divide 90728?
True
Does 17 divide 287027?
False
Does 3 divide 269232?
True
Does 120 divide 10991280?
True
Is 16524 a multiple of 68?
True
Is 26235625 a multiple of 125?
True
Is 130876 a multiple of 100?
False
Is 6689680 a multiple of 40?
True
Is 14354319 a multiple of 21?
True
Does 6 divide 94906?
False
Is 59 a factor of 292463?
True
Is 7551905 a multiple of 67?
True
Does 2 divide 38400?
True
Does 236 divide 3301018?
False
Is 840096 a multiple of 36?
True
Does 1657 divide 5960229?
True
Is 24572044 a multiple of 297?
False
Is 2769083 a multiple of 88?
False
Is 15 a factor of 4085925?
True
Is 1104576 a multiple of 12?
True
Is 18 a factor of 6392916?
True
Is 128 a factor of 2794752?
True
Is 4381296 a multiple of 291?
True
Is 517186 a multiple of 33?
False
Is 1881334 a multiple of 15?
False
Does 5 divide 2106975?
True
Is 6547437 a multiple of 99?
False
Is 3431304 a multiple of 24?
True
Does 215 divide 76970?
True
Is 2169 a factor of 5634011?
False
Is 12976625 a multiple of 961?
False
Does 154 divide 441826?
True
Does 127 divide 217508?
False
Does 524 divide 3581536?
False
Does 116 divide 20184?
True
Does 294 divide 830550?
True
Is 13 a factor of 1928017?
True
Is 6 a factor of 317574?
True
Is 15 a factor of 183579?
False
Is 349838 a multiple of 211?
True
Is 51 a factor of 68833?
False
Is 3 a factor of 1401277?
False
Does 11 divide 52447?
False
Is 522 a factor of 280605?
False
Is 211 a factor of 2222252?
True
Is 87954 a multiple of 3?
True
Does 12 divide 565668?
True
Is 184 a factor of 286488?
True
Is 12408 a multiple of 24?
True
Is 232 a factor of 357280?
True
Does 50 divide 170850?
True
Is 10 a factor of 226223?
False
Is 344 a factor of 4052578?
False
Is 1350932 a multiple of 11?
True
Is 3078785 a multiple of 1249?
True
Is 25366 even?
True
Does 10 divide 494430?
True
Is 100503 a multiple of 13?
True
Does 5 divide 85095?
True
Is 42045 a multiple of 15?
True
Does 177 divide 44604?
True
Is 338472 a multiple of 15?
False
Is 141 a factor of 1010547?
True
Is 593 a factor of 5336407?
True
Is 51 a factor of 286467?
True
Does 13 divide 20423598?
True
Is 104 a factor of 215800?
True
Does 63 divide 1162962?
False
Does 28 divide 366940?
True
Is 8010544 a multiple of 5?
False
Is 55471 a multiple of 221?
True
Does 117 divide 1488942?
True
Is 513975 a multiple of 623?
True
Is 21984 a multiple of 32?
True
Is 4 a factor of 6833?
False
Is 69135 a multiple of 165?
True
Does 43 divide 37883?
True
Does 68 divide 511478?
False
Does 231 divide 2452637?
False
Does 310 divide 3893123?
False
Is 337667 a multiple of 12?
False
Does 4 divide 290610?
False
Does 265 divide 2070867?
False
Is 211 a factor of 6035477?
False
Is 1189263 a multiple of 22?
False
Does 472 divide 9048712?
True
Is 233639 a multiple of 66?
False
Is 188 a factor of 345162?
False
Does 15 divide 1213260?
True
Does 10 divide 11436787?
False
Is 629695 a multiple of 5?
True
Is 9 a factor of 1051750?
False
Is 745200 a multiple of 54?
True
Does 7 divide 708253?
True
Does 1998 divide 11434216?
False
Is 219126 a multiple of 219?
False
Does 454 divide 1793754?
True
Is 634776 a multiple of 28?
False
Does 743 divide 10773090?
False
Is 29 a factor of 13050?
True
Is 105263 a multiple of 5?
False
Does 1651 divide 8642986?
False
Is 1442028 a multiple of 7?
True
Does 18 divide 566212?
False
Is 1316172 a multiple of 649?
True
Is 997718 a multiple of 8?
False
Is 1706661 a multiple of 51?
False
Does 11 divide 1912609?
False
Does 74 divide 161170?
False
Is 519504 a multiple of 48?
True
Is 41 a factor of 130565?
False
Does 5 divide 38655?
True
Is 145470 a multiple of 2?
True
Does 1140 divide 8295780?
True
Does 11 divide 2300?
False
Is 18 a factor of 172285?
False
Is 8 a factor of 2189530?
False
Is 418561 a multiple of 11?
True
Does 8 divide 15122?
False
Is 21 a factor of 4050837?
True
Is 176502 a multiple of 69?
True
Does 1051 divide 2485652?
False
Is 74011 a multiple of 3?
False
Is 3407120 a multiple of 217?
False
Is 9174 a multiple of 4?
False
Is 46 a factor of 47012?
True
Does 761 divide 9375520?
True
Does 33 divide 43359?
False
Is 144509 a multiple of 20?
False
Does 267 divide 12516426?
True
Does 155 divide 3915765?
True
Is 1718 a factor of 5971768?
True
Does 10 divide 12474200?
True
Is 161 a factor of 551693?
False
Is 34 a factor of 194801?
False
Is 5 a factor of 4868?
False
Is 26 a factor of 30454?
False
Is 763 a factor of 4851154?
True
Is 18312 a multiple of 6?
True
Does 113 divide 1584858?
False
Does 797 divide 12309707?
False
Is 46 a factor of 118450?
True
Does 16 divide 285808?
True
Is 11325754 a multiple of 237?
False
Does 159 divide 7979316?
False
Is 11 a factor of 59474?
False
Does 10 divide 39151?
False
Is 18 a factor of 109366?
False
Is 96 a factor of 77760?
True
Does 108 divide 5901984?
True
Is 19 a factor of 227325?
False
Is 304112 a multiple of 19?
False
Is 6032750 a multiple of 409?
True
Is 13 a factor of 5125?
False
Is 16 a factor of 384672?
True
Is 78 a factor of 2694978?
True
Does 2005 divide 27821380?
True
Does 10 divide 44989?
False
Is 29960 a multiple of 10?
True
Does 73 divide 431065?
True
Is 5249775 a multiple of 25?
True
Is 37972 a multiple of 28?
False
Does 2 divide 291?
False
Is 1128696 a multiple of 24?
True
Is 553909 a multiple of 5?
False
Does 10 